4 = 2*q - 12, -3*q = 4*f - 35. Calculate the remainder when u is divided by q.
7
Let r = -168 + 14. Let w = -127 - r. Calculate the remainder when w is divided by 12.
3
What is the remainder when 676 is divided by ((-2844)/(-90) - 30)*(-115)/(-2)?
32
Suppose 4*c - 296 = -4*t, -6*t + 71 = c - 2*t. Calculate the remainder when c is divided by 42*((-196)/(-56) - 3).
12
Calculate the remainder when 44 is divided by (12/7)/(((-96)/56)/(-12)).
8
Let z = 794 - 800. What is the remainder when z*93*(-5)/90 is divided by 29?
2
Suppose r + r - 50 = 0. What is the remainder when ((-202)/(-6) + -7)/(3/9) is divided by r?
5
Let r(w) = 2*w. Let u(i) = -3*i - 16. Let f(g) = -4*r(g) - u(g). Suppose 4*s - 4*y = -0*s + 48, 4*y + 21 = s. Calculate the remainder when f(0) is divided by s.
7
Let p(b) be the first derivative of -2*b**3/3 - 17*b**2/2 + 4*b - 4. Calculate the remainder when 82 is divided by p(-8).
10
Let n(t) = -14*t + 5. What is the remainder when n(-4) is divided by (-2)/(-15) - 1*5819/(-345)?
10
Let c(j) = 3*j**2 - 26*j + 5. Let d be c(12). Suppose 131*z - 66 = d*z. What is the remainder when z is divided by ((-18)/15)/(9/(-60))?
3
Suppose 3*c = 6*c + 36. Let p = 15 + 31. Calculate the remainder when p is divided by (-2)/6 - 316/c.
20
Let b be 2/(-3) - 407/(-3). Let i be 0 + 4/(-12) + 15/(-9). Calculate the remainder when b - ((-3)/9)/(i/18) is divided by 45.
42
Let p = 3749 + -296. Calculate the remainder when p is divided by 157.
156
Suppose -8*n - 330 = -13*n. Suppose 2*m - n = -0*m. Suppose 3*c = -2*i + 44 + m, -i + c + 26 = 0. What is the remainder when 122 is divided by i?
29
Let a = 17 - 2. Let b = -315 + 341. What is the remainder when b is divided by a?
11
Let x(o) = -o**3 - 3*o**2 + 12*o + 10. Let h be x(-5). Suppose -4*n - 281 + 824 = -u, h = -4*n - 4*u + 528. Calculate the remainder when n is divided by 46.
43
Suppose 2*y + 76 = 5*o - y, -4*o - 2*y + 74 = 0. Suppose -2*n + 44*m - 46*m + 872 = 0, -2*n - 3*m + 869 = 0. What is the remainder when n is divided by o?
14
Suppose -446 = -0*i - 2*i. Suppose 0 = 5*h - 2*q - 219, 4*h - 9*h = -4*q - i. Let s = 282 + -112. Calculate the remainder when s is divided by h.
41
Let x(l) = -29*l - 14. Let u be x(-3). Suppose -448 = -u*a + 57*a. Calculate the remainder when 475 is divided by a.
27
Suppose 19*y - 126 = 10*y. Suppose 11*t - y*t = -30. What is the remainder when 19 is divided by t?
9
Let h = -46 - -68. Suppose -123*q = -120*q - 591. Suppose -q*p = -198*p + 83. Calculate the remainder when p is divided by h.
17
Suppose 0 = -q + 67 + 2. Suppose -114 = -30*d - 150 + 756. What is the remainder when q is divided by d?
21
Calculate the remainder when ((-49691)/158)/((-1)/2) is divided by 38.
21
Let m(q) = -3*q**2 - 125*q - 219. What is the remainder when 14227 is divided by m(-39)?
91
Let m(v) = -9*v**2 + 15*v - 5. Let i be (-3)/(-1)*1/(12/16). Let q be m(i). Let h = -68 - q. What is the remainder when 167 is divided by h?
20
Let j(z) = 455*z - 2127. Calculate the remainder when j(5) is divided by 136.
12
Let y(q) = 162*q - 1081. What is the remainder when 668 is divided by y(8)?
23
Let x(r) = r**3 - 77*r**2 - 73*r - 368. What is the remainder when 767 is divided by x(78)?
19
Suppose 245 = g - 3*x, 18*g = 17*g - 4*x + 245. What is the remainder when g is divided by 43?
30
Suppose 1868 - 612 = 4*s. What is the remainder when s is divided by 51?
8
Suppose -3*a + 2*a + 39 = 0. Suppose 53*f - 8972 = -42*f - 16*f + 1684. What is the remainder when f is divided by a?
18
Suppose -63 = 520*o - 521*o. Calculate the remainder when 3/1*1/9*609 is divided by o.
14
Suppose 71 + 21 = 2*p. Let f = -178 + 329. Suppose 0 = -4*c + f - 87. What is the remainder when p is divided by c?
14
Let m = -523 - -28. Let a = m - -512. What is the remainder when 54 is divided by a?
3
Let p(d) = -d**3 + 30*d**2 + 2*d - 22. Suppose 30*j - 25*j = 150. Let u(f) = -f**3 + 3*f**2 + 3*f + 4. Calculate the remainder when p(j) is divided by u(3).
12
Let y = -34 - -62. Let b = 67166 + -66748. What is the remainder when b is divided by y?
26
Suppose 5*z = 12 - 37. Let l(q) = -15*q + 3. Let a(o) = 29*o - 6. Let m(p) = z*l(p) - 3*a(p). Calculate the remainder when m(-6) is divided by 26.
23
Suppose 3*c - 23 = -2*i, 0 = 11*i - 9*i - 4*c - 16. Let k = -86 - -164. Calculate the remainder when k is divided by i.
8
Let s be 7*30/(-70) - (1 - 4). Suppose x = 0, j + 3*x = -s*x + 196. Calculate the remainder when j is divided by 41.
32
Let p = 17851 - 17471. Calculate the remainder when 1167 is divided by p.
27
Let d(z) = -z**3 - 30*z**2 - 49*z - 30. Let o be d(-28). Let y = o - -244. What is the remainder when ((-1218)/14)/(-1*1) is divided by y?
15
Suppose 3*x = 3*m - 9 - 3, 2*x - 10 = 0. Suppose 0*j + 2*j - m = -v, 5*v - 4*j = 59. Suppose -v*b - 198 = -13*b. What is the remainder when b is divided by 25?
24
Let s = 32823 - 32651. What is the remainder when 4815 is divided by s?
171
Suppose -17*j = -641 - 515. Let c = j - 61. Calculate the remainder when 249 is divided by c.
4
Suppose 2*w + w + 2*z = 272, -3*z = -12. Let c(j) = j**3 - 3*j**2 - 25*j - 3. Calculate the remainder when w is divided by c(7).
16
Let l = 13 + 1. Suppose 0 = -3*u + w + 1, -2*u + 4 = -2*w - 2*w. Suppose u = -0*o - 5*o + 40. Calculate the remainder when l is divided by o.
6
Suppose 14*f = 11*f - 18. What is the remainder when (-20)/f*39/2 is divided by 18?
11
Suppose 0 = 986*d + 441*d - 14270. Let t = -56 + 123. What is the remainder when t is divided by d?
7
Suppose 3*v = 3*n - 1065, -3*v - 4*n = -0*n + 1086. Let i = v - -389. What is the remainder when i is divided by -12*(2/(-3) + 0)?
7
Suppose -p = 478 - 493. Suppose p*g - 235 = 200. Calculate the remainder when 346 is divided by g.
27
Suppose 6*n + 117 = 15*n. Calculate the remainder when (-51)/(2/n + (-165)/143) is divided by 31.
20
Let y(t) = -t**2 - 7*t - 5. Let o be y(-5). Suppose 0 = o*c + c + 612. Let s = -31 - c. Calculate the remainder when s is divided by 9.
8
Let c = -38 + 60. Calculate the remainder when 60 is divided by c.
16
Let k(y) = -y - 3. Let z(s) = s. Let b(p) = k(p) + 2*z(p). Let a(r) = -r**3 - 8*r**2 + 10*r + 8. What is the remainder when a(-10) is divided by b(14)?
9
Let z(k) = 10*k + 6. Let t(p) = 18*p**2 - 3*p. Let x be t(1). Let b be z(x). Suppose 12*q = 16*q - b. What is the remainder when 69 is divided by q?
30
What is the remainder when 93 is divided by (1122/6)/11 + 9?
15
Suppose 197 = 2*f - 405. Calculate the remainder when 232 is divided by -4*f/(-28) - (-4 - 0).
44
Let q be (-1)/2*17/(17/(-132)). Suppose -q*o + 71*o + 20 = 0. What is the remainder when -1*(0 - o/8)*-86 is divided by 9?
7
Suppose 5*l - 256 = -3*t, 2*l + 2*t + 24 = 120. What is the remainder when 2012 is divided by l?
52
Suppose -5 = -5*r, -3*l = -4*l - 2*r + 130. Suppose -176 - 8897 = -211*h. Calculate the remainder when l is divided by h.
42
Suppose 93 = 5*c - 4*f, c - 5*c + 66 = -2*f. Calculate the remainder when 966 is divided by c.
4
Suppose -25*t - 15 = -26*t. Suppose 39*g - 168 = t*g. Calculate the remainder when 17 is divided by g.
3
Let q = 275 - 259. What is the remainder when 415 is divided by q?
15
Suppose -16*d = -116 + 340. What is the remainder when 50 is divided by 6 + 4/(-8)*d?
11
Let w = 315 - 292. Let o(p) = p**3 - 26*p**2 + 74*p + 36. Calculate the remainder when o(23) is divided by w.
13
Suppose -3*b = b - 340. Suppose -1592 + 309 = -87*h - 587. Calculate the remainder when b is divided by h.
5
Suppose -3*r = 10*p - 7*p - 1761, 4*p - 2383 = 3*r. Let n be p/11 - 4/(-22). Let y = 85 - n. What is the remainder when 61 is divided by y?
30
Let g(m) = 660*m + 2108. What is the remainder when 1535 is divided by g(-3)?
127
Let m = -5227 + 5237. What is the remainder when (3/(-2))/((-15)/380) is divided by m?
8
Let t be 8/((-120)/85)*42. Let k = t - -268. Calculate the remainder when 176 is divided by k.
26
Let q = -9974 + 10062. Calculate the remainder when 143 is divided by q.
55
Let f(t) = -3*t**2 + 363*t + 719. What is the remainder when f(121) is divided by 9?
8
Let l = 2523 + -2492. Calculate the remainder when l is divided by 24.
7
Let f be ((-16)/(-12))/((-1)/(-114)). Suppose 12*s - f = 8*s. Suppose -17 = -11*a + s. What is the remainder when 8 is divided by a?
3
Let i be (-9)/(-18) + (-114)/4. L